r when j is divided by c(-15).
11
Suppose -633*d + 636*d - 189 = 0. What is the remainder when 278 is divided by d?
26
Let k(h) = 3*h**2 - 34*h - 18. What is the remainder when k(-4) is divided by 57?
52
Let z be 1 + (-64 - -2) + (-9 - -5). What is the remainder when 49 is divided by (67 + z)/(1 - (-6)/(-7))?
7
Let u = 352 - 350. What is the remainder when 23 is divided by u?
1
Suppose 0 = -4*k + 8 - 0. Suppose 0 = v + 3*v - 20. Suppose -8*r + 3*r = -k*w + 43, -4*w + 81 = -v*r. Calculate the remainder when w is divided by 11.
8
Let r(j) = -j + 1. Let b be r(-1). Suppose u - 3 = 0, -3*x - 3*u + 42 = b*u. Calculate the remainder when 43 is divided by x.
7
Calculate the remainder when 2/(-5) + (-488)/(-20) is divided by 6.
0
Let c be (3/2)/(-2 + (-5275)/(-2630)). Let q = c - 82. What is the remainder when q is divided by 46?
43
Let n(k) = k**2 - 12*k + 15. Let o be n(11). Calculate the remainder when (-24)/32 + 183/o is divided by 12.
9
Suppose -4*x = -d + 69, 4*x - x + 237 = 4*d. Suppose -20 = -3*b + 2*b. Let r = 35 - b. What is the remainder when d is divided by r?
12
Let r(g) = 6*g - 39. Let h be r(9). Suppose -h*s + 18 = -27. Suppose 0 = -3*i - 5*b + 4*b + 2, -1 = i + 2*b. Calculate the remainder when s is divided by i.
0
Let p = 18 - 10. What is the remainder when (-12)/15 + (-296)/(-20) is divided by p?
6
Let h = 58 + 10. Calculate the remainder when h is divided by (-13)/(-156)*18 - (-86)/4.
22
Let k(t) = 73*t**2 - 12*t + 20. What is the remainder when k(2) is divided by 58?
56
Suppose -4*s - 467 = -5*b, -182 = -2*b + 3*s + s. Let q(z) = 6*z**2 + 36*z - 72. Calculate the remainder when b is divided by q(2).
23
Let d(g) = 11*g - 5. Let v = 26 + -22. What is the remainder when d(v) is divided by 7?
4
Let r(s) = -s**3 + 6*s**2 + 5. Let o be r(6). Suppose -9 + 49 = o*n. Let h = 32 - 10. Calculate the remainder when h is divided by n.
6
Suppose -2*c = 3*r - 6*r - 1225, 5*c + 2*r - 3110 = 0. What is the remainder when c is divided by 16?
12
Suppose 2*l + 4*d - 40 = 0, 38 + 53 = 4*l - 3*d. Let f = l + -15. Suppose -p + 19 = -0*y + 2*y, 3*p = -y + 37. What is the remainder when p is divided by f?
4
Let m be ((-30)/(-12))/(1/2). Suppose 0 = -m*q + 2 - 12. Calculate the remainder when 115 is divided by (1 + 57)/(q/(-1)).
28
Let q(i) = -4*i - 40. Let c be q(-10). Suppose 3*z + 12 - 57 = c. Calculate the remainder when z is divided by 9.
6
Calculate the remainder when 22 is divided by ((-23)/46)/(2/(-28)).
1
Let h = 7 - 6. What is the remainder when (5/(-4))/h*-4 is divided by 84/18 - 4 - (-8)/6?
1
Suppose -13*j - 720 = -7*j. Let i = -114 - j. Suppose -3*o + 2*u = -31, -4*o - 2*u - u = -47. Calculate the remainder when o is divided by i.
5
What is the remainder when 240 is divided by -10 - 3*37/(-3)?
24
Let m = 80 + -136. Let g be 113*(1 - 0/(-5)). Let t = g + m. What is the remainder when t is divided by 15?
12
Suppose 48*k - 13272 + 3048 = 0. Calculate the remainder when k is divided by 4.
1
Suppose 294 = 17*k - 539. Calculate the remainder when 62 is divided by k.
13
Suppose -g - 4*p = -121, -1 - 9 = -5*p. What is the remainder when g is divided by 34?
11
Let c = -94 + 114. Calculate the remainder when c is divided by (22/4)/((-3)/(-6)).
9
Let l(s) = 7*s**2 + 4*s - 3. Suppose 6*g + 9 = 33. Suppose f = -g*p + 43, 0*f - 48 = -f - 5*p. What is the remainder when f is divided by l(1)?
7
Suppose 0 = 3*c + 6, -48 = 2*p - 3*p + c. Suppose -6 = v - p. Suppose l - v = -l. Calculate the remainder when l is divided by 7.
6
Suppose -920 = 104*i - 109*i. What is the remainder when i is divided by 17?
14
Suppose -233*j + 235*j = 828. Calculate the remainder when j is divided by 30.
24
Let c(o) = 2*o**2 - 6*o - 7. Let r(q) = q**2 + 4*q + 2. Let n be r(-5). What is the remainder when c(6) is divided by ((-10)/n)/((-4)/28)?
9
Suppose -3*t + 186 = t + 5*i, -4*t + 4*i = -204. Calculate the remainder when 242 is divided by t.
46
Suppose 1 - 4 = -3*u. Suppose -g - 4 = g, 2*t - 10 = 2*g. Suppose -t*y + 104 = -5*l, 6 = l + u. What is the remainder when y is divided by 11?
10
Let i(x) = 6*x**3 - x**2 - 2*x + 2. Let u be i(1). Let f(g) = -5 - g + 10 + 2. Calculate the remainder when 2 is divided by f(u).
0
Let m(s) = -14*s - 80. What is the remainder when m(-12) is divided by 24?
16
Suppose -a - 3 + 3 = 0. Suppose a = u - 13 - 8. Calculate the remainder when 38 is divided by u.
17
Let u(g) = -2*g**3 - 16*g**2 + 10*g - 6. Let v be u(-9). Suppose -2*i - 2*l + 72 = -l, 2*l = 2*i - v. Calculate the remainder when i is divided by 20.
15
Suppose -2*l = -42 - 36. Suppose -1286*h + 5737 = -1229*h - 7544. What is the remainder when h is divided by l?
38
Let k(v) = 2*v**3 - 5*v - 2. Let n be 2 + (1 - (-2 - -1)). Let s(y) = 11*y + 192. Calculate the remainder when k(n) is divided by s(-15).
25
Let k = 11 - 11. Suppose -4*j + 3*j + 5*w + 334 = k, -j + 4*w + 329 = 0. Suppose 4*y + 13 = j. What is the remainder when y is divided by 19?
17
Let i = -1318 - -1567. What is the remainder when i is divided by 25?
24
Let o = 347 - 335. Let m(y) = -y - 1. Let z be m(0). What is the remainder when (z/2)/(2/(-136)) is divided by o?
10
Let w be (-5*(-4)/10)/1. Suppose -w*i + 6 = 5*s, 5*i - 3*s = 3*i + 38. Let b = 16 - i. What is the remainder when b is divided by 3?
0
Let m = 79 + -26. Suppose -7*u = -3*u - 20. Suppose 2*h + u*q = 8 + 20, 0 = 4*q. Calculate the remainder when m is divided by h.
11
Let z = 200 + 149. What is the remainder when z is divided by 71?
65
Let r = 608 + -550. Suppose -5*g + 5*q = 235, 5*q - 10 - 10 = 0. Let m = 63 + g. Calculate the remainder when r is divided by m.
18
Calculate the remainder when 167 is divided by -1*(-7)/(28/76).
15
Let a = 421 + -389. Calculate the remainder when 542 is divided by a.
30
Suppose 3*p - 5*k - 280 = 0, -k + 15 = -4*k. What is the remainder when p is divided by 22?
19
Let d(w) = 114*w**2 + 23*w + 82. What is the remainder when d(-3) is divided by 95?
89
Let j = 250 + 28. Calculate the remainder when j is divided by 20.
18
Suppose 3*o + 36 = 5*o. Suppose -h + 0*h + 32 = 0. Calculate the remainder when h is divided by (o/27)/((-2)/(-36)).
8
Suppose 0 = 28*f - 323 + 71. What is the remainder when 285 is divided by f?
6
Let u = -13 + 9. Let c be (-16)/u + -1*3. Let p(l) = 23*l - 1. What is the remainder when 85 is divided by p(c)?
19
Let j = -209 - -215. What is the remainder when 27 is divided by j?
3
Let t = -18 - -65. Let i = 104 - t. Calculate the remainder when i is divided by 16.
9
Suppose -45*h + 803 = -52. Calculate the remainder when 94 is divided by h.
18
Let i = -263 - -269. Calculate the remainder when 158 is divided by i.
2
Suppose 0 = -24*n + 15*n + 3303. What is the remainder when n is divided by 9?
7
Let r = -42 + 62. Calculate the remainder when (1*26)/(r/90) is divided by 30.
27
Suppose -2*a - 65 = -7*a. Let y = -8 + a. What is the remainder when y - (-3)/(-3) - -50 is divided by 28?
26
Let s = -30 - -47. Let i = 42 + -40. Suppose -5*v + 45 = 4*d, i*v - 4*d = s + 1. What is the remainder when 23 is divided by v?
5
Suppose 9 = 3*w, 3 + 24 = -5*n + 4*w. Let c(u) = u**3 - 4*u - u + u + 3*u**2. What is the remainder when 35 is divided by c(n)?
11
Let p(b) = -b**2 + 34*b - 11. Calculate the remainder when 326 is divided by p(31).
80
Suppose 0*v = 4*w + 2*v + 8, 0 = 3*w - v + 11. Calculate the remainder when 14/(w + 1 + 4) is divided by 4.
3
Suppose 6*d + 36 = 3*d. What is the remainder when (-9)/d*-2*-22 is divided by (-4 + 1)*17/(-3)?
16
Let l = 124 + -91. What is the remainder when 223 is divided by l?
25
Let r(n) = 4*n + 9. Let a(m) = 4*m**2 - 30*m - 3. What is the remainder when r(7) is divided by a(8)?
11
Suppose 2*s + 2*s + 3*y = 372, 93 = s + 4*y. What is the remainder when s is divided by (-2)/(-8) + (-1330)/(-56)?
21
Let d(c) = c**2 + c. Let l be d(-2). Suppose -4*k + 12 = z + 4*z, 0 = 5*k + l*z - 15. Suppose 73 = k*g + 22. Calculate the remainder when 49 is divided by g.
15
Let t(j) = -4*j - 38. What is the remainder when 85 is divided by t(-15)?
19
Suppose 0 = -5*i + 4*x + 287, i + 2*x = -4*i + 269. What is the remainder when 50 is divided by 957/i - 4/10?
16
Suppose -11*y - 80 = 448. Calculate the remainder when 21 is divided by (-6)/(y/(-44))*(1 + -3).
10
Suppose -442 = -c + j, 5*c = 3*c - 4*j + 890. What is the r